 of 7174?
2, 17, 211
What are the prime factors of 16990?
2, 5, 1699
What are the prime factors of 98226?
2, 3, 17, 107
What are the prime factors of 2048?
2
List the prime factors of 738.
2, 3, 41
What are the prime factors of 1158?
2, 3, 193
List the prime factors of 2100.
2, 3, 5, 7
What are the prime factors of 7072?
2, 13, 17
What are the prime factors of 579?
3, 193
What are the prime factors of 127?
127
List the prime factors of 54903.
3, 18301
What are the prime factors of 818?
2, 409
List the prime factors of 653.
653
What are the prime factors of 89255?
5, 17851
List the prime factors of 46225.
5, 43
What are the prime factors of 19145?
5, 7, 547
What are the prime factors of 54864?
2, 3, 127
What are the prime factors of 3079?
3079
What are the prime factors of 39214?
2, 7, 2801
List the prime factors of 256.
2
List the prime factors of 2560.
2, 5
What are the prime factors of 4770?
2, 3, 5, 53
List the prime factors of 4670.
2, 5, 467
List the prime factors of 295.
5, 59
What are the prime factors of 61850?
2, 5, 1237
What are the prime factors of 578?
2, 17
What are the prime factors of 1988?
2, 7, 71
What are the prime factors of 318?
2, 3, 53
List the prime factors of 667.
23, 29
What are the prime factors of 27989?
13, 2153
List the prime factors of 701.
701
List the prime factors of 10706.
2, 53, 101
List the prime factors of 64957.
17, 3821
List the prime factors of 61.
61
What are the prime factors of 12274?
2, 17, 19
What are the prime factors of 5178?
2, 3, 863
What are the prime factors of 5714?
2, 2857
What are the prime factors of 6934?
2, 3467
List the prime factors of 30143.
43, 701
List the prime factors of 75448.
2, 9431
List the prime factors of 9623.
9623
What are the prime factors of 12771?
3, 11, 43
What are the prime factors of 3535?
5, 7, 101
What are the prime factors of 16666?
2, 13, 641
What are the prime factors of 20667?
3, 83
List the prime factors of 4184.
2, 523
List the prime factors of 41436.
2, 3, 1151
List the prime factors of 714.
2, 3, 7, 17
List the prime factors of 660.
2, 3, 5, 11
List the prime factors of 51227.
11, 4657
List the prime factors of 43402.
2, 21701
List the prime factors of 132652.
2, 13, 2551
List the prime factors of 1106.
2, 7, 79
What are the prime factors of 68927?
68927
What are the prime factors of 2686?
2, 17, 79
List the prime factors of 827.
827
What are the prime factors of 1577?
19, 83
List the prime factors of 9064.
2, 11, 103
List the prime factors of 92321.
19, 43, 113
What are the prime factors of 13866?
2, 3, 2311
List the prime factors of 3676.
2, 919
List the prime factors of 4808.
2, 601
What are the prime factors of 1612?
2, 13, 31
What are the prime factors of 1449?
3, 7, 23
What are the prime factors of 43924?
2, 79, 139
List the prime factors of 5942.
2, 2971
What are the prime factors of 2718?
2, 3, 151
List the prime factors of 3066.
2, 3, 7, 73
What are the prime factors of 47300?
2, 5, 11, 43
What are the prime factors of 57860?
2, 5, 11, 263
List the prime factors of 81379.
17, 4787
What are the prime factors of 2508?
2, 3, 11, 19
What are the prime factors of 136418?
2, 68209
What are the prime factors of 28585?
5, 5717
List the prime factors of 14464.
2, 113
List the prime factors of 815.
5, 163
What are the prime factors of 2256?
2, 3, 47
What are the prime factors of 2193?
3, 17, 43
List the prime factors of 7079.
7079
What are the prime factors of 40391?
13, 239
List the prime factors of 1266.
2, 3, 211
What are the prime factors of 8359?
13, 643
List the prime factors of 4785.
3, 5, 11, 29
What are the prime factors of 46488?
2, 3, 13, 149
What are the prime factors of 104890?
2, 5, 17, 617
What are the prime factors of 41878?
2, 20939
What are the prime factors of 1668?
2, 3, 139
What are the prime factors of 4432?
2, 277
List the prime factors of 302.
2, 151
What are the prime factors of 1878?
2, 3, 313
List the prime factors of 59099.
113, 523
List the prime factors of 16199.
97, 167
List the prime factors of 61317.
3, 757
What are the prime factors of 888?
2, 3, 37
What are the prime factors of 2070?
2, 3, 5, 23
List the prime factors of 75134.
2, 37567
What are the prime factors of 476?
2, 7, 17
What are the prime factors of 80956?
2, 37, 547
What are the prime factors of 976?
2, 61
What are the prime factors of 3778?
2, 1889
List the prime factors of 1038.
2, 3, 173
List the prime factors of 10888.
2, 1361
What are the prime factors of 16187?
16187
List the prime factors of 1297.
1297
What are the prime factors of 361?
19
List the prime factors of 61337.
83, 739
List the prime factors of 8725.
5, 349
What are the prime factors of 3166?
2, 1583
List the prime factors of 52877.
11, 19, 23
List the prime factors of 783.
3, 29
List the prime factors of 15637.
19, 823
What are the prime factors of 147772?
2, 36943
List the prime factors of 25932.
2, 3, 2161
List the prime factors of 3149.
47, 67
List the prime factors of 5352.
2, 3, 223
What are the prime factors of 1423?
1423
What are the prime factors of 3807?
3, 47
What are the prime factors of 58826?
2, 67, 439
What are the prime factors of 91668?
2, 3, 7639
What are the prime factors of 34711?
103, 337
What are the prime factors of 9838?
2, 4919
List the prime factors of 42237.
3, 13, 19
List the prime factors of 5531.
5531
What are the prime factors of 29046?
2, 3, 47, 103
What are the prime factors of 37635?
3, 5, 13, 193
List the prime factors of 20295.
3, 5, 11, 41
What are the prime factors of 869?
11, 79
List the prime factors of 4003.
4003
What are the prime factors of 65760?
2, 3, 5, 137
What are the prime factors of 132787?
17, 73, 107
What are the prime factors of 1216?
2, 19
What are the prime factors of 1113?
3, 7, 53
What are the prime factors of 5869?
5869
List the prime factors of 5154.
2, 3, 859
What are the prime factors of 36157?
11, 19, 173
List the prime factors of 2257.
37, 61
What are the prime factors of 3004?
2, 751
List the prime factors of 63936.
2, 3, 37
What are the prime factors of 687?
3, 229
What are the prime factors of 5230?
2, 5, 523
List the prime factors of 10289.
10289
What are the prime factors of 79494?
2, 3, 13249
List the prime factors of 15521.
11, 17, 83
What are the prime factors of 66643?
66643
List the prime factors of 660.
2, 3, 5, 11
What are the prime factors of 24001?
24001
List the prime factors of 13343.
11, 1213
What are the prime factors of 32175?
3, 5, 11, 13
List the prime factors of 4945.
5, 23, 43
List the prime factors of 22265.
5, 61, 73
List the prime factors of 5068.
2, 7, 181
What are the prime factors of 8579?
23, 373
List the prime factors of 68988.
2, 3, 5749
What are the prime factors of 119985?
3, 5, 19, 421
What are the prime factors of 12607?
7, 1801
What are the prime factors of 1291?
1291
What are the prime factors of 54441?
3, 23, 263
List the prime factors of 34385.
5, 13, 23
List the prime factors of 2172.
2, 3, 181
What are the prime factors of 106888?
2, 31, 431
List the prime factors of 2794.
2, 11, 127
What are the prime factors of 118690?
2, 5, 11, 13, 83
What are the prime factors of 6783?
3, 7, 17, 19
List the prime factors of 146804.
2, 7, 107
List the prime factors of 6828.
2, 3, 569
List the prime factors of 631.
631
List the prime factors of 59953.
167, 359
List the prime factors of 165310.
2, 5, 61, 271
List the prime factors of 3143.
7, 449
What are the prime factors of 3874?
2, 13, 149
What are the prime factors of 9401?
7, 17, 79
What are the prime factors of 60304?
2, 3769
What are the prime factors of 13280?
2, 5, 83
What are the prime factors of 4817?
4817
List the prime factors of 7667.
11, 17, 41
What are the prime factors of 8675?
5, 347
What are the prime factors of 93311?
23, 4057
What are the prime factors of 50?
2, 5
What are the prime factors of 16229?
16229
What are the prime factors of 1196?
2, 13, 23
List the prime factors of 26579.
7, 3797
What are the prime factors of 1282?
2, 641
What are the prime factors of 9549?
3, 1061
What are the prime factors of 2291?
29, 79
List the prime factors of 1803.
3, 601
List the prime factors of 1959.
3, 653
List the prime factors of 6163.
6163
What are the prime factors of 29636?
2, 31, 239
What are the prime factors of 73458?
2, 3, 7, 11, 53
L